 + 2*l - 2. What is the remainder when k(-2) is divided by d(-1)?
0
Let k(n) = -n**2 + 3*n - 4. Let p be k(3). Calculate the remainder when (-8)/(3 + 13/p) is divided by 11.
10
Suppose -3*m - 2*a + 536 = 0, -3*a - 531 = -3*m - 0*a. Calculate the remainder when m is divided by 30.
28
Suppose 361 = 4*t + 77. What is the remainder when t is divided by 18?
17
Let g(b) = 2*b**3 + b - 1. Let t be g(1). Suppose 0 = 5*x - t - 33. What is the remainder when x is divided by 4?
3
Let d be (-296)/(-10) + (-4)/(-10). Let o = -9 - -16. Calculate the remainder when 44 is divided by (-28)/o*d/(-8).
14
Let f(g) = 5*g**2 + 3*g - 2. Let q be f(1). Suppose 2*j - 32 = -q. Calculate the remainder when j is divided by 4.
1
Suppose -2*d - i = -6, 3*i + 2*i = -d + 3. Suppose 0 = 5*b - d*m - 166, -m = 3*b - 19 - 75. Calculate the remainder when b is divided by (0 + 51/(-3))*-1.
15
Let y = 63 + -30. What is the remainder when 30 is divided by y/3 + 0 + -3?
6
Suppose 3*p - 4*r = -1 + 9, p + 12 = 5*r. Let v = -4 + p. What is the remainder when -2 - (-9 - (-2 + 1)) is divided by v?
2
Calculate the remainder when 6/(-12)*(0 - 76) is divided by 13.
12
What is the remainder when 150 is divided by (-3)/(-5) + 4536/90?
48
Calculate the remainder when (0 - (-34)/(-4))/((-8)/112) is divided by 41.
37
Let g = -4 - -6. Suppose -4 + g = -v. Calculate the remainder when 7 is divided by (2 + (-7)/v)*-2.
1
Let o = -23 - -29. What is the remainder when 15 is divided by o?
3
Let m be 19/4 - (-3)/12. Let c(z) = -12*z - 1. Let l be c(-1). Suppose -l - m = -o. Calculate the remainder when 61 is divided by o.
13
Let d be -1 - -2 - (-4 - -4). What is the remainder when 15 is divided by 6 - (-6)/(d + 2)?
7
Let o(r) = r. What is the remainder when 32 is divided by o(11)?
10
Let q = -3 + 3. Suppose 4 = 4*i - q. Let h = i - -4. What is the remainder when 13 is divided by h?
3
Let c(p) = p**3 + 9*p**2 - 9*p - 7. Let f be c(-7). Suppose 0 = y - 3*y + f. Calculate the remainder when y is divided by 26.
25
Let b(n) = 15*n + 8. What is the remainder when b(4) is divided by 14?
12
Suppose -t + 30 + 59 = 0. Calculate the remainder when t is divided by 25.
14
Let d = -36 + 73. What is the remainder when d is divided by 10?
7
Suppose 3*n + 3*b = 699, 18*b = -n + 15*b + 241. What is the remainder when n is divided by 23?
22
Suppose 232 = 4*t + b - 75, -t = b - 73. Let f be (-4)/(-6) - (-131)/(-3). Let z = t + f. What is the remainder when z is divided by 12?
11
Let y(b) = -b**3 + 9*b**2 - 7*b - 3. Let a be y(8). Suppose a*u = -20, -j - u = -4*u - 81. Calculate the remainder when j is divided by 18.
15
Suppose 40*w - 44*w = -12. Calculate the remainder when 4 is divided by w.
1
Let m(s) = -s**3 - 4*s**2 + 1. Let i be m(-4). Let p be i - (-44 + 3/1). Suppose -3*r + 75 = -p. What is the remainder when r is divided by 14?
11
Suppose -i = 2*b - 7*b - 4, 0 = 4*b + 2*i + 6. What is the remainder when (-37 + -1)*b/2 is divided by 5?
4
Let b(h) = h. Let r be b(2). Suppose 4*m = -2*s - 4 + 50, 0 = 3*s + r*m - 85. Suppose k = -2*k + 33. What is the remainder when s is divided by k?
9
Suppose 3*q - 14 = -i + 2*q, -3*q - 21 = -4*i. Let n = -26 + 41. What is the remainder when 778/18 - 2/i is divided by n?
13
Let b = -37 - -49. Calculate the remainder when 95 is divided by b.
11
Let z be (5 + -1)/(6/21). Let b = -7 + 5. Let j = z + b. What is the remainder when j is divided by 7?
5
Let a(i) = -4*i - 13. What is the remainder when 66 is divided by a(-9)?
20
Suppose 5*f - o + 142 = 0, -2*f + 106 = -6*f - 3*o. Let c = f - -45. Let d = 24 - c. Calculate the remainder when 13 is divided by d.
6
Suppose -m - 4*b + 53 = 0, 2*m - 39 = m + 3*b. What is the remainder when 178 is divided by m?
43
Let b be (30/4)/((-4)/8). Let s = -2 - b. Suppose 76 = -5*t + 7*t. Calculate the remainder when t is divided by s.
12
Suppose -2*k = -6*k - 5*c + 23, 0 = 3*k - 2*c. Suppose 0 = -k*x + 6. Suppose -30 = -x*b + 9. What is the remainder when 50 is divided by b?
11
Suppose 93 = g - x - 0*x, 0 = 4*g - 5*x - 376. What is the remainder when g is divided by 16?
9
Let r be (-1 - 1)*2*-1. Let m = r + 9. Let s(c) = -8*c - 16. What is the remainder when s(-5) is divided by m?
11
Let z = 1 - -4. Suppose -49 = z*g - 194. What is the remainder when g is divided by 8?
5
Let d = 148 - 75. Let n(q) = 6*q - 5. What is the remainder when d is divided by n(4)?
16
Let x(m) = -m**3 - 7*m**2 - 7*m - 5. Let b be x(-6). Let q = 1 - b. Let l(f) = f**2 - f + 13. What is the remainder when l(q) is divided by 5?
3
Let v(a) = -a**3 + a + 16. Suppose 0 = -4*q + i + i + 14, 4*i = -12. What is the remainder when v(0) is divided by (4/q)/(2/9)?
7
Suppose 3*k + 4*j + 7 = 0, 4*k - 8 = 3*j - 4*j. Suppose m = -x - 0*m + 12, -9 = k*m. What is the remainder when 28 is divided by x?
13
Let c be (-21)/(-9) + (-4)/(-6). What is the remainder when (2/4)/((-3)/(-24)) - 0 is divided by (c*(-1 + 3))/2?
1
Let h = 0 + 8. What is the remainder when 28 is divided by h?
4
Calculate the remainder when 191 is divided by (-2370)/(-75) + -2*1/(-5).
31
Let j(b) = b**2 + 17. Calculate the remainder when j(-8) is divided by 21.
18
What is the remainder when 44 is divided by ((-6)/(-18))/((-2)/(-90))?
14
What is the remainder when 102 is divided by 3/(-4) - 63/(-4)?
12
Let q(x) = 2*x**3 + 2*x**2 - x. Let g be q(1). Let u = 0 + 19. Calculate the remainder when u is divided by ((-50)/15)/((-1)/g).
9
Suppose -4*x + 6*x + c - 14 = 0, -2*x + 14 = 2*c. Let i = 45 + -20. Calculate the remainder when i is divided by x.
4
Let x(r) = -r**2 + 5*r + 5. Calculate the remainder when 43 is divided by x(4).
7
Let d = 3 - -13. Calculate the remainder when ((-11)/22)/((-1)/60) is divided by d.
14
Let c(q) = 3*q**2 - 12*q - 10. Calculate the remainder when c(9) is divided by 18.
17
Let x(y) = 3*y - 5. Let a = 8 + -5. Suppose 0 = -4*d - 23 + 7, 4*h - a*d - 32 = 0. Calculate the remainder when x(h) is divided by 4.
2
Suppose 0 = 2*w + o - 2, -3*o = -2*w - 0*o + 2. Let b(r) = 23*r + 1. Calculate the remainder when b(w) is divided by (-2)/6 + (-80)/(-6).
11
Suppose 4 = t, 0*l + 2*t = 5*l - 17. Suppose -115 = -l*r - 30. What is the remainder when r is divided by 7?
3
Suppose 2*f = -5*q - 6, -3*q - 4*f = q + 12. Suppose q*d - 130 = -5*d. What is the remainder when d is divided by 9?
8
Let t(b) = b**2 - 3*b + 4. Suppose 5*z + 23 = -2*p, -5*p - 2*z - 3*z = 20. Calculate the remainder when t(4) is divided by (2 - -4) + p + -2.
3
Let t = 1 + -1. Suppose -5*m = -0*j - j + 23, -5*m - 11 = 3*j. Suppose t = -j*q + 4*q - 18. Calculate the remainder when 34 is divided by q.
16
Suppose 2*k + 2*k - 444 = -4*r, 3*k - 4*r = 305. Let t = k - 74. Suppose -2*m - 3*d = 2*d - t, -4*m = 5*d - 51. What is the remainder when 16 is divided by m?
7
Let r = 15 + -8. Let i be (20 + 1)/(3/(-2)). Let o = i - -33. Calculate the remainder when o is divided by r.
5
Suppose -2*k = k - 117. Suppose k = 3*p - 2*c - c, 3*p = 5*c + 49. Suppose -57 - 3 = -4*d. What is the remainder when d is divided by p?
7
Let n = 18 + -16. Calculate the remainder when 3 is divided by n.
1
Let k(y) = y**3 + 2*y**2 + 2*y + 1. Let a be k(-3). Let h = a - -19. What is the remainder when h is divided by 2?
1
Let v(a) = a - 3. Let x be v(3). Suppose x = 3*c + 2*c - 60. What is the remainder when 45 is divided by c?
9
Let w(t) = 5*t - 2. Let x be w(3). Suppose n - 37 = x. What is the remainder when n is divided by 13?
11
Suppose 5*g - 3*b = 113, -4*g + 2*b + 104 = 3*b. What is the remainder when g is divided by 13?
12
Let h(s) = -s + 1. Let x be h(1). Let u be x/(6/3*1). Suppose u = -3*n - 0*n + 75. Calculate the remainder when n is divided by 9.
7
Let q(d) = d**3 + 5*d**2 - 1. Let o = 3 - 9. What is the remainder when q(-2) is divided by (-32)/(-5) + o/15?
5
Let i = 111 + -55. Calculate the remainder when i is divided by 19.
18
Suppose y - 210 = -4*y. Suppose 2*g - 3*i = 31, i - 17 = -g + 3*i. What is the remainder when y is divided by g?
9
Let a = -119 - -202. Calculate the remainder when a is divided by 42.
41
Suppose 8*d - 42 = d. Calculate the remainder when 21 is divided by d.
3
Let h = 20 + -7. What is the remainder when 36 is divided by h?
10
Let o(c) = 0 + 5*c**2 + 3*c**2 + 1 + c**2. Calculate the remainder when 19 is divided by o(-1).
9
Let z(n) = n - 4. Let d be z(6